se 11*u = 15*u - p. Is u a prime number?
False
Suppose 18*c - 344982 = 218472. Is c a prime number?
False
Suppose c = -2*c + 75. Suppose -y = -169 + c. Suppose 0 = 4*a + p - y, -3*a + p = -4*a + 33. Is a a prime number?
True
Suppose 4*b + 72 = 2*r, -3*r + r + 2*b + 62 = 0. Let k = 28 - r. Suppose 2*y - 6*y - 609 = -3*h, -5*h + 1015 = -k*y. Is h composite?
True
Let l(h) be the first derivative of -h - 3. Let t(m) = 3*m + 14. Let q(n) = -4*l(n) - t(n). Is q(-8) prime?
False
Let h = -10 - -12. Suppose 0 = h*c + 2*c. Suppose c = 2*q - 31 - 47. Is q composite?
True
Let n be 1*1*(-3 + 0). Let a = n + 368. Is a prime?
False
Suppose -2*k = 5*i - 78877, 0 = -0*i + 5*i + 25. Is k composite?
False
Let l(c) = -7*c**2 + 2*c + 7. Let j be -2*((-2)/4 - 2). Let b be l(j). Let q = -31 - b. Is q prime?
True
Suppose -518145 = 2*m - 17*m. Is m a composite number?
False
Is (1655448/36)/((-8)/(-12)) composite?
True
Let z be (-1 + -14)/(9/(-3)). Suppose -3*h + 197 = 3*u + u, 0 = z*h + u - 300. Is h a composite number?
False
Let r(g) be the third derivative of -167*g**4/24 - 2*g**3/3 + 13*g**2. Is r(-1) composite?
False
Suppose 12*a = 27*a - 6105. Is a prime?
False
Suppose 9*m + 65059 = 26*m. Is m a prime number?
False
Suppose 3*y = -3*q - y - 14, 2*y + 2 = q. Let d be 2 + -3 + 7 + q. Is 4 + (1059 + 2 - d) a prime number?
True
Let x(b) be the third derivative of b**6/10 + b**5/15 - b**4/12 - b**3/2 - 9*b**2. Is x(4) a prime number?
True
Suppose -3*m + 3*f + 9 = 0, -2*m - 2*m = -2*f - 6. Suppose s - 3*x = 1074 + 226, -2*s + 5*x + 2602 = m. Is s a prime number?
False
Let d = -44 + 59. Is 177/((-1)/(d/(-9))) a composite number?
True
Suppose -10*o + 9 = -7*o. Suppose o*k + 11 = h, h + 0*k = -k + 3. Suppose b - 52 = 5*x + 114, -x = -h*b + 710. Is b a prime number?
False
Let f(d) = -15*d + 1. Let p be (0 - (0 - -3)) + 1. Let q = -4 + p. Is f(q) a prime number?
False
Suppose -2*x + 7 = 251. Let f = -374 - -163. Let m = x - f. Is m composite?
False
Suppose -5*o + 44930 - 13165 = 0. Is o prime?
True
Let s = -5246 + 19443. Is s prime?
True
Let g be (2/6)/(10/13080). Suppose -2*y + g = -378. Is y a prime number?
False
Let f = -44 + 67. Suppose t - 54 - f = 0. Is t a composite number?
True
Let u be -12*12/16*(-10)/(-3). Let s = u + 133. Is s composite?
False
Let j(f) = f**3 + 7*f**2 - 8*f + 4. Let s be j(-8). Suppose -2*x + 5*x - 94 = -5*t, -s*x - 68 = -3*t. Let l = t - -17. Is l a composite number?
False
Let o(w) = w**2 + 7*w + 2. Let h be o(-5). Let l(z) = z + 4. Let g be l(h). Is (-6)/g*222/9 prime?
True
Let b = 5650 - -309. Is b prime?
False
Suppose -4*l - n = -13, 1 - 18 = -4*l - 5*n. Let h be l - ((-4)/(-4) - 417). Suppose 14*r - 13*r - h = 0. Is r a composite number?
False
Let o(t) = -12*t**2 + t + 1. Let q be o(-6). Let v = 278 + q. Is (v/12)/(1/(-4)) a composite number?
False
Let m = 7 + -2. Suppose m*q = 2*x - 3, -3*x + 19 = 3*q + x. Is -3 - ((-142)/2 - q) composite?
True
Let b(t) = t + 14. Let a be b(-11). Suppose -8 = a*h - 23. Suppose h*p - 3*u - 370 = 0, -3*p = -7*p + 3*u + 293. Is p prime?
False
Let v = 47 + -70. Let d = v - -106. Is d prime?
True
Suppose 1531 = -4*h + 6603. Suppose 2263 = 3*q - h. Is q a prime number?
False
Suppose -1 = 6*y - 13. Suppose 9489 = -y*n + 5*n. Is n a prime number?
True
Suppose 106 = -5*w - o, w - 4*w - 3*o - 66 = 0. Is -3 + (-2 - (-7)/(w/(-1356))) a composite number?
True
Let k(y) = -6*y**3 + 11*y**2 - 10*y - 5. Let m(u) = -7*u**3 + 11*u**2 - 11*u - 5. Let r(c) = -5*k(c) + 4*m(c). Is r(7) a prime number?
False
Let d(g) = -g**2 - 8*g - 6. Let u be d(-6). Suppose -3579 = -u*v + 3*v. Is v a prime number?
True
Let p = -6219 - -2935. Let a = 5655 + p. Is a a prime number?
True
Let v(x) = 80*x + 23. Let t be v(17). Is t/1 + -1*2/1 prime?
True
Suppose 0 = 3*j + 6, 0 = -i + 2*j + j + 10. Suppose 0 = -i*h, -h - 516 = -7*t + 3*t. Suppose a + z - t = 6*z, -5*z - 456 = -4*a. Is a a composite number?
False
Let g(a) = -a**3 + 9*a**2 + 9*a + 13. Let q be g(10). Let v be ((-1)/q)/((-2)/18). Let h(m) = 33*m**2 + 2*m + 4. Is h(v) a prime number?
True
Let g be 0*(-4 + 0 + 5). Suppose g = 11*o - 1073 - 4658. Is o a composite number?
False
Suppose 2*h = -2*x + 29262, -3*h + 2*x + 8360 + 35523 = 0. Is h composite?
False
Suppose -4*b + 5*p - 1 - 1 = 0, 4*p + 23 = -5*b. Let c(h) = 45*h**2 - 3*h - 3. Is c(b) composite?
True
Suppose 4*v - 8517 - 10291 = 0. Is v a prime number?
False
Let r(c) = -7*c**3 + c - 3. Let g(h) = 8*h**3 - h**2 + 4. Let i(j) = -2*g(j) - 3*r(j). Suppose 3*q = 6 - 0. Is i(q) a composite number?
False
Let y(i) = -1742*i - 641. Is y(-7) prime?
False
Suppose -2*v = 12 + 8. Let d = v + 10. Suppose 3*s + q - 154 = d, -217 = -4*s + 2*q - q. Is s prime?
True
Let m = -531 + 277. Let n be m*(-3)/12*2. Is (-2)/(2 + (-256)/n) composite?
False
Is 3 + 8056 + 0/(-1) a composite number?
False
Let i = 577 + -93. Let t = i + -231. Suppose 4*q - 3*q - t = 0. Is q composite?
True
Let c = -5 - -5. Suppose c = 3*k - k - 104. Is (1/2)/(1/k) a prime number?
False
Let u(l) = -l**3 + 35*l**2 + 78*l - 45. Is u(34) a prime number?
False
Suppose -843*d + 31211 = -820*d. Is d prime?
False
Suppose 3*z + 12 = z. Let a = z + 2. Is ((-157)/a)/(1/4) prime?
True
Let i(x) = -x**2 - 9*x + 14. Let c = -37 - -26. Let w be i(c). Is (-3377)/(-44) - 2/w a composite number?
True
Let l(m) = -1 - 8 - m + 47*m. Let f(c) = -229*c + 46. Let x(b) = -2*f(b) - 11*l(b). Is x(-6) prime?
False
Let a = -120 + -266. Let q = a + 765. Is q a prime number?
True
Let b(h) be the first derivative of h**2/2 - 5*h - 1. Let r be b(10). Suppose 0 = s - r*s + 184. Is s prime?
False
Suppose q + 2*j - 170 = 0, -5*q + 463 = -5*j - 417. Let i = q + -118. Suppose 49 = 3*w - i. Is w a prime number?
False
Let f = -56748 + 82507. Is f prime?
True
Let i = -12 + 14. Suppose i*n + 227 = 3*n. Let u = n + -121. Is u composite?
True
Suppose -3*q + 23 + 19 = 0. Suppose 5*w - q = -269. Is 56/21*w/(-4) composite?
True
Is 21183/3 - 2 - (-30 + 26) a composite number?
True
Suppose -m + 105363 = 4*y - 9003, 5*y - 142969 = -7*m. Is y composite?
False
Suppose q - 2*i = 3*q - 27272, -2*i + 54550 = 4*q. Is q composite?
True
Suppose 4 - 2 = p. Let v be (-60)/16*112/(-3). Suppose -2*w + v = p*w. Is w composite?
True
Is (-11 + 76322 + 5)*6/8 a composite number?
True
Let z = 1346 - -4767. Is z composite?
False
Let m = -291 - -825. Let d = m - 338. Let f = d - 11. Is f prime?
False
Suppose 0 = m + 2 - 8. Suppose -2*z + 6 = -m. Let d(s) = s**3 - s**2 - 2*s + 10. Is d(z) a composite number?
True
Let b(d) = -d**2 + d. Let v be b(-2). Let w(h) = -5*h**3 + 4*h**2 + 4*h - 5. Let x(c) = -9*c**3 + 8*c**2 + 7*c - 9. Let o(r) = 11*w(r) - 6*x(r). Is o(v) prime?
True
Suppose -4*f - 4*t = -102884, 2*t - 4*t - 102860 = -4*f. Is f a prime number?
True
Suppose 6*q + 3797 = 7*q + 4*k, -5*q = -4*k - 18961. Is q prime?
True
Let t(y) = 122*y**2 - 4*y + 2. Let r be t(4). Let l = -929 + r. Is l a prime number?
True
Suppose 5*v + 0*v - 4*m = 26353, 0 = 2*m + 4. Is v prime?
False
Suppose 2*d + 19 = 5*v, v + 1 = -3*d + 15. Suppose 0 = -v*h - 5*t + 3550, -t = h + h - 1417. Is h a composite number?
True
Let i(u) = 144*u**3 - 2*u**2 + 3*u - 1. Let m be i(2). Let a = 2222 - m. Is a prime?
False
Let p = 433 + -259. Let o = 295 - p. Is o a prime number?
False
Let t(a) = 165*a - 73. Is t(2) a prime number?
True
Suppose 4*p - 14 = -10. Is ((p - 3) + 0)*-359 prime?
False
Let y(p) = -53*p - 6. Let n(i) be the second derivative of 9*i**3 + 5*i**2/2 - 2*i. Let z(r) = 3*n(r) + 4*y(r). Is z(-8) prime?
False
Let r = 984 + -538. Suppose k - 3*k = -r. Is k composite?
False
Let k = 4724 - 2453. Is k a composite number?
True
Let y = 44419 + -22158. Is y composite?
True
Let n(b) = 2*b + 2. Let k = -4 - -5. Let d be n(k). Suppose -4*x + x + d*w + 83 = 0, -x + 5*w = -46. Is x a prime number?
False
Let y = -43 - -73. Let u be y/9*24/(-20). Is 1452/24 - (-6)/u composite?
False
Let g(k) = -k**3 + 17*k**2 + 11*k + 29. Let c be g(13). Let q = 1031 + c. Is q a prime number?
True
Let r = 67 + -27. Is r/140 - 2665/(-7) a composite number?
True
Let g = -76 - -405. Let o = g - -986. Is o prime?
False
Let z be 45/7 - (-27)/(-63). Suppose 4*k - 1895 = m - z*m, -1895 = -5*m - 2*k. Is m prime?
True
Let k be (-2)/4 - (-452)/16*-2. Let h = 54 - k. Is h prime?
False
Let p(c) = -2*c**2 + c +